mon factor of 2 and z.
1
Let t be 31*4/(1 - -3). Let p be 57 + 6 + -6 + 10/2. What is the highest common factor of t and p?
31
Let s(n) = 80*n**2 + n - 1. Let d be s(-1). What is the greatest common factor of d and 6?
6
Let f be -15*(-1 - (4 + (-22)/5)). Calculate the greatest common divisor of 207 and f.
9
Let x be 0/(-2 + 0) + -10. Let u(r) = r + 21. Let z be u(x). Suppose 260 + 232 = 5*g - 3*l, -500 = -5*g - 5*l. Calculate the greatest common factor of z and g.
11
Let m be 3/8 - 1526/(-112). What is the highest common factor of m and 6?
2
Let h = 443 + -430. What is the highest common divisor of 8 and h?
1
Let z be (-32)/(-24) + 1*(-188)/(-12). Calculate the highest common divisor of z and 629.
17
Let l = 2353 + -2211. Calculate the greatest common factor of l and 497.
71
Let h be (-2*6)/((-6)/57). Suppose 2*u = 138 + h. Let f(k) = -3*k + 32. Let v be f(6). What is the greatest common factor of v and u?
14
Suppose 870*v - 878*v + 1408 = 0. What is the highest common divisor of v and 132?
44
Suppose 3*n - 2 = 5*l + 2, 2*l = -5*n - 14. Let m be (5/l)/((-1)/6). What is the greatest common divisor of m and 30?
15
Suppose -43*a = -4*a - 3120. Suppose 33 + 27 = 3*o. Calculate the greatest common divisor of a and o.
20
Let l(f) = -f**3 + 25*f**2 + 149*f + 44. Let v be l(30). What is the greatest common factor of v and 50?
2
Let g be 43 + -7 + (-3)/(-1) + 3. Suppose 4*n = g + 198. Let s(c) = 2*c**2 - 3. Let p be s(3). What is the highest common factor of n and p?
15
Let v(x) = x + 19. Let k be v(-2). What is the highest common factor of k and 425?
17
Let u = -6 - 4. Let p = 10 + u. Suppose 2*z + p*z = 12. Calculate the highest common factor of 3 and z.
3
Let y(z) = z + 5. Suppose 4*m = m - 636. Let u be 9/21 - m/28. Let q be y(u). Calculate the highest common divisor of 143 and q.
13
Suppose -1 + 33 = 2*x. Let p = 332 + -189. Suppose -p*d = -137*d - 48. Calculate the greatest common factor of x and d.
8
Let j(a) = a + 14. Let x be j(-9). Calculate the highest common divisor of x and 15.
5
Let y = 18 - 18. Suppose 360 = 4*c - y*c. What is the highest common divisor of 18 and c?
18
Let u = 98 - 14. Let l = u - 49. Calculate the greatest common factor of l and 14.
7
Suppose 99 = 3*f + t, -f + t + 43 = -2*t. Suppose -5*x + 3*s + 21 = -1, 3*s + 4 = -4*x. Calculate the greatest common factor of x and f.
2
Let c(f) = 165*f**3 + 17*f - 41. Let z be c(3). Calculate the highest common factor of z and 95.
95
Suppose 0 = 7*l - 7 - 21. Suppose -2*x + 4*s + 72 = 0, 166 = 4*x - s + l*s. What is the highest common divisor of 5 and x?
5
Suppose -18*z + 362 = -466. What is the highest common factor of z and 598?
46
Let a be (-10)/(-35) + (-96)/(-7). Suppose 10 - 2 = -8*u. Let o(f) = -111*f**3 + f**2 + 2*f + 2. Let p be o(u). Calculate the highest common factor of p and a.
14
Suppose n + 0*c = 4*c + 23, -4*n + 5*c = -59. Let v(p) = p**3 - 13*p**2 + 23*p + 11. Let k be v(n). Calculate the greatest common factor of k and 77.
11
Suppose -p = -4*a - 86, 2*a + 172 = -p + 3*p. Calculate the greatest common divisor of 86 and p.
86
Let t be 40/16*(-28)/(-5). Let x be (t + -1)*(0 - -8). What is the highest common factor of 16 and x?
8
Let z be 5/(-25)*750/(-6). What is the highest common divisor of 725 and z?
25
Suppose 0 = -14*t + 17*t - 81. Let j = t + -26. What is the highest common factor of j and 8?
1
Let u be (-5)/10*(-1 - 2089). What is the highest common factor of u and 95?
95
Let j be -4 + 7 + 0 - (-4 - 0). Let y be 2/(-5) - (-32)/5. Suppose z + 3*i - 62 = 0, y*z - z - 3*i = 274. What is the highest common divisor of z and j?
7
Let q(s) = -s**2 - 10*s - 17. Let x be (1/2)/(12/(-168)). Let r be q(x). What is the highest common factor of r and 4?
4
Let x(d) = -d - 5. Let z be x(17). Let t = 97 - z. Calculate the greatest common factor of t and 17.
17
Let u be (2/4 + -1)/((-10)/20). Let p(n) = 21*n**2 + 2 - 2*n + 0*n - n - 4*n**2. Let j be p(u). Calculate the highest common factor of 8 and j.
8
Suppose -4*j - 6 = -78. Suppose 0 = i + 5 - j. What is the greatest common factor of i and 169?
13
Let n be (-44)/(-8)*6/1. What is the greatest common divisor of 66 and n?
33
Let v = -2372 - -2441. What is the greatest common factor of v and 115?
23
Suppose 5*y = 8*y. Suppose y = -0*v - 4*v + 20. Suppose 5*k = n - 3*n + 73, 59 = 4*k + n. Calculate the highest common factor of k and v.
5
Suppose 0 = -2*i, 2*q + 2*q - i = 120. Suppose 0 = z - 29 - q. Let g = z + -9. Calculate the highest common factor of 25 and g.
25
Let d(y) = y**3 + 25*y**2 - y - 73. Let f be d(-25). Let g be (-168)/f*(-312)/(-14). What is the highest common factor of 6 and g?
6
Let n(z) = 237*z - 12. Let h be n(2). Calculate the greatest common divisor of h and 7.
7
Let x = 6 - 5. Let k(n) = 6*n**2 - 2. Let w be k(x). Calculate the greatest common factor of 1 and w.
1
Let h = -11 + 4. Let s be (-6)/5*(h - 3). Let g be 141/15 + s/(-30). What is the greatest common divisor of g and 18?
9
Let s = 1 - 8. Let z(w) = -2*w**2 - 8*w + 2. Let y be z(s). Let f be ((-18)/(-5))/((-8)/y). What is the greatest common factor of f and 90?
18
Let m be ((5 - 9)*20)/(1/(-4)). What is the greatest common divisor of m and 192?
64
Let n = 103 + -67. Suppose 2*f = -5*y + 68, -20 = -5*y + f + n. Calculate the greatest common divisor of 8 and y.
4
Let p be (82/5)/(5/25). Let j(b) = 5*b**2 - 2*b - 12. Let x be j(-5). Calculate the greatest common divisor of x and p.
41
Suppose 76*x - 747 = -5*o + 75*x, 3*o - 438 = -4*x. What is the highest common factor of o and 42?
6
Let q(l) = -61*l**3 - l**2 - l - 1. Let h be q(-1). Calculate the highest common factor of h and 140.
20
Let n(q) = q**3 + 7*q**2 - 7*q + 4. Let g be n(-6). Suppose 4 - g = -3*p. What is the highest common factor of 65 and p?
13
Let j = 9 + -6. Let k(u) = 14*u**2 - 2*u + 5 - j - 2*u - u**3 - 7*u**2. Let x be k(6). Calculate the greatest common divisor of x and 70.
14
Suppose 0*f = 4*f - 12, -f = -4*c + 69. What is the greatest common divisor of 63 and c?
9
Let h = 80 + -75. Let y(q) = q + 15. Let o be y(h). Calculate the greatest common factor of 20 and o.
20
Suppose -59 = -9*j + 409. Calculate the highest common factor of j and 182.
26
Suppose -5*g + 30 = 4*r - 7*g, -5*g = 3*r - 3. Let p(w) = 2*w - r*w + w + 5 + 2*w. Let c be p(-11). Calculate the greatest common factor of c and 128.
16
Let t be 4*(-2)/(-4) - 1. Let z = 7 - t. Suppose -48 = -v - 24. Calculate the highest common divisor of z and v.
6
Suppose -1 = t - 4. Let q be 806/14 + t/7. Let n(l) = 86*l**2 + 1. Let y be n(1). Calculate the highest common factor of q and y.
29
Suppose -5*t = -4*s + 18, 0*t - 10 = 5*t. Let c be (-5)/20*s*-20. Calculate the highest common factor of 25 and c.
5
Suppose 2*c - 7*c + 324 = -4*h, -c - h + 72 = 0. Calculate the greatest common divisor of 4352 and c.
68
Let c = -4 - -9. Suppose 19 + c = 3*g. Let z(h) = h - 5. Let d be z(g). What is the greatest common factor of d and 33?
3
Let t(x) = 9*x - 159. Let h be t(21). What is the highest common factor of h and 520?
10
Suppose 24*d = 33*d - 81. Calculate the greatest common divisor of d and 171.
9
Suppose 22*u - 652 = 184. What is the highest common divisor of u and 513?
19
Let v = -5 - -10. Let l be (0/(-5))/(-5 - -4). Let t be (-48)/(-120) + (l - 446/(-10)). What is the highest common divisor of v and t?
5
Let n be (16/4)/2*2. Suppose 6*l - 1 = 5*l. What is the highest common factor of l and n?
1
Let i = 3304 - 3252. What is the greatest common factor of 130 and i?
26
Suppose -4*j + 12*v = 7*v - 53, 3*j - 11 = -2*v. Suppose -j*l = -6*l - 26. Calculate the highest common divisor of l and 117.
13
Suppose 8381 = 24*o - 7*o. What is the highest common divisor of o and 34?
17
Suppose -20*r + 5948 - 1148 = 0. Let q = 54 + -24. What is the highest common divisor of r and q?
30
Let b(t) = 13*t - 78. Let n be b(6). Let w be (-9)/12*(-12 - n). What is the highest common divisor of w and 2?
1
Suppose -5*u + 114 - 9 = 0. Suppose -2*c = -4*p - 8, 2*p + 8 - 18 = 0. Calculate the greatest common divisor of u and c.
7
Let b = 612 - 591. Let u = 49 + -28. Calculate the highest common factor of u and b.
21
Suppose g + 2*b = 362, -b + 199 + 158 = g. Calculate the highest common divisor of 96 and g.
32
Let k be ((-16)/5)/(1/(-5)). Let p = 1125 - 609